d 7363306?
2102
Calculate the highest common factor of 75 and 986285.
5
Calculate the greatest common factor of 354925627 and 69.
23
What is the highest common factor of 92112 and 20625412?
7676
What is the greatest common factor of 1022036 and 33293?
197
Calculate the highest common factor of 6325340 and 1120.
140
Calculate the highest common divisor of 3967350 and 175.
25
Calculate the highest common factor of 994 and 947574236.
994
Calculate the highest common factor of 171 and 575038743.
57
Calculate the highest common factor of 1699 and 25537669.
1699
What is the highest common divisor of 31575 and 29175?
75
Calculate the greatest common factor of 456 and 78226287.
57
What is the greatest common factor of 12 and 219829224?
12
What is the highest common factor of 2109 and 11820612?
111
Calculate the greatest common factor of 5783125 and 258110.
2435
What is the highest common divisor of 4 and 10653170?
2
Calculate the greatest common factor of 5220 and 2401794.
18
Calculate the greatest common divisor of 103944 and 168.
24
What is the greatest common factor of 28 and 1283457?
7
Calculate the highest common factor of 38700 and 3410330.
430
Calculate the greatest common factor of 2009683 and 9997.
13
Calculate the greatest common factor of 116640 and 511200.
1440
Calculate the greatest common divisor of 99 and 10758177.
9
Calculate the greatest common divisor of 7547557 and 4178.
2089
What is the greatest common factor of 23852 and 237986?
178
Calculate the greatest common divisor of 20615760 and 6.
6
Calculate the highest common divisor of 630 and 153043674.
42
Calculate the greatest common factor of 2313603 and 1134.
81
Calculate the highest common divisor of 76651399 and 121.
11
Calculate the highest common factor of 10611 and 711423.
81
What is the highest common divisor of 56 and 679949228?
28
What is the greatest common factor of 402 and 5663242?
134
What is the highest common factor of 6077997 and 162?
81
What is the greatest common divisor of 132478875 and 30?
15
Calculate the highest common divisor of 8507 and 7262987.
181
Calculate the highest common divisor of 627 and 19690869.
33
What is the greatest common factor of 116038 and 269672?
26
What is the highest common factor of 372 and 2181315?
93
What is the highest common factor of 128 and 15832?
8
What is the greatest common divisor of 68388112 and 208?
208
What is the highest common divisor of 22407 and 56422863?
2037
Calculate the highest common divisor of 240640 and 90880.
1280
What is the greatest common divisor of 740553294 and 78?
78
Calculate the greatest common divisor of 126 and 11607588.
18
Calculate the greatest common factor of 87120 and 234000.
720
Calculate the greatest common divisor of 738 and 267588.
18
What is the greatest common divisor of 14220 and 419040?
180
Calculate the highest common factor of 3 and 5270757.
3
What is the greatest common divisor of 15454250 and 1550?
50
What is the highest common divisor of 2275 and 347823?
7
Calculate the highest common factor of 4250 and 76750.
250
What is the highest common factor of 1808 and 1329784?
904
What is the greatest common divisor of 347356709 and 97?
97
What is the highest common divisor of 11724 and 42571798?
1954
Calculate the highest common factor of 179088 and 10519288.
4264
Calculate the highest common divisor of 1786 and 178489268.
1786
Calculate the highest common divisor of 921 and 37196427.
921
Calculate the greatest common factor of 3975 and 94123071.
159
What is the greatest common divisor of 18 and 1890306?
18
What is the highest common divisor of 227 and 573552047?
227
Calculate the greatest common factor of 3888 and 136470384.
144
What is the greatest common factor of 24 and 33215912?
8
Calculate the highest common divisor of 235 and 95411269.
47
What is the highest common divisor of 48256 and 7273664?
1856
What is the highest common factor of 589735 and 39105?
395
Calculate the greatest common divisor of 112980 and 35154.
42
Calculate the greatest common divisor of 478101 and 2277.
69
Calculate the greatest common divisor of 1533 and 2317020.
219
What is the highest common divisor of 133177696 and 32?
32
What is the greatest common divisor of 576500 and 6220?
20
What is the highest common factor of 344025 and 7249?
11
What is the greatest common divisor of 710 and 2526322?
142
What is the greatest common factor of 7797 and 1655337?
339
What is the highest common factor of 53 and 83314145?
53
What is the greatest common factor of 9356862 and 126?
6
What is the highest common factor of 5076659 and 1197616?
4403
Calculate the greatest common divisor of 1488 and 376764.
12
Calculate the highest common divisor of 28527114 and 12936.
3234
What is the highest common factor of 32022 and 2506018?
1186
What is the greatest common factor of 11424712 and 5772?
1924
Calculate the greatest common divisor of 3768 and 2894295.
471
Calculate the greatest common divisor of 245 and 1115608235.
245
What is the greatest common divisor of 244 and 271692?
4
Calculate the greatest common divisor of 6861099 and 306516.
1869
What is the highest common divisor of 9 and 268070526?
9
Calculate the greatest common divisor of 1729 and 22745489.
247
Calculate the highest common divisor of 1832 and 457313.
229
Calculate the greatest common divisor of 44310 and 434.
14
What is the highest common factor of 232048 and 6080?
16
What is the highest common divisor of 225421 and 2527?
7
Calculate the greatest common factor of 3384 and 500410692.
1692
Calculate the greatest common divisor of 656 and 59038114.
82
Calculate the highest common factor of 13516480 and 2240.
320
What is the highest common divisor of 259 and 7009502?
37
What is the greatest common factor of 18792 and 251949042?
4698
What is the greatest common divisor of 196 and 32766937?
49
What is the greatest common factor of 30498 and 3285386?
442
What is the greatest common factor of 58161510 and 55?
55
Calculate the greatest common divisor of 65303673 and 1737.
579
Calculate the greatest common factor of 1778 and 854014.
14
What is the highest common factor of 304 and 216638?
38
What is the highest common divisor of 559604466 and 1269?
423
What is the greatest common factor of 24610 and 5881255?
535
Calculate the highest common divisor of 5763800 and 4255.
115
What is the highest common factor of 8166 and 1052507574?
8166
What is the greatest common factor of 104774433 and 19542?
9771
What is the highest common divisor of 616 and 10928302?
154
What is the greatest common divisor of 99349569 and 3212?
803
Calculate the greatest common divisor of 29850 and 29950.
50
Calculate the highest common divisor of 101204 and 376.
4
What is the highest common factor of 659246 and 4802?
686
Calculate the highest common factor of 4360 and 746025.
5
Calculate the greatest common divisor of 402 and 21373335.
201
What is the greatest common divisor of 422 and 110323882?
422
Calculate the highest common factor of 36 and 783801.
9
Calculate the highest common divisor of 12598780 and 40.
20
Calculate the highest common factor of 580 and 5826620.
20
Calculate the highest common divisor of 63504 and 270864.
1296
What is the greatest common divisor of 4180 and 3771500?
380
What is the greatest common factor of 1131 and 29069571?
87
What is the greatest common divisor of 27686 and 56642?
254
What is the greatest common factor of 1479182 and 62136?
1726
Calculate the greatest common divisor of 427211 and 3069.
31
What is the highest common factor of 9715388 and 436?
436
What is the highest common divisor of 260131 and 767?
59
What is the highest common factor of 18440 and 493860?
20
What is the greatest common divisor of 16912 and 6177584?
112
What is the greatest common factor of 46389037 and 2923?
79
What is the greatest common factor of 2414 and 289034468?
142
What is the greatest common factor of 20 and 142816372?
4
Calculate the highest common divisor of 3371808 and 282.
6
Calculate the greatest common factor of 3240 and 148669263.
81
What is the greatest common divisor of 20 and 5316684?
4
Calculate the greatest common factor of 2550442740 and 40.
20
What is the greatest common factor of 29203 and 724033?
1007
Calculate the greatest common divisor of 33031 and 16993478.
1943
What i